{"id":13077,"date":"2025-12-23T09:49:07","date_gmt":"2025-12-23T08:49:07","guid":{"rendered":"https:\/\/www.maizeurop.com\/wp-content\/uploads\/2025\/12\/IN-CP-reelection-FL-AGPM-22.12.png"},"modified":"2025-12-23T09:49:37","modified_gmt":"2025-12-23T08:49:37","slug":"in-cp-reelection-fl-agpm-22-12-2","status":"inherit","type":"attachment","link":"https:\/\/www.maizeurop.com\/en\/in-cp-reelection-fl-agpm-22-12-2\/","title":{"rendered":"IN-CP-r\u00e9\u00e9lection FL AGPM 22.12"},"author":3,"featured_media":0,"comment_status":"closed","ping_status":"closed","template":"","meta":{"_acf_changed":false},"class_list":["post-13077","attachment","type-attachment","status-inherit","hentry"],"acf":[],"aioseo_notices":[],"description":{"rendered":"<p class=\"attachment\"><a href='https:\/\/www.maizeurop.com\/wp-content\/uploads\/2025\/12\/IN-CP-reelection-FL-AGPM-22.12.png'><img decoding=\"async\" width=\"200\" height=\"200\" src=\"https:\/\/www.maizeurop.com\/wp-content\/uploads\/2025\/12\/IN-CP-reelection-FL-AGPM-22.12-200x200.png\" class=\"attachment-medium size-medium\" alt=\"Franck Laborde r\u00e9\u00e9lu pr\u00e9sident de l&#039;AGPM\" srcset=\"https:\/\/www.maizeurop.com\/wp-content\/uploads\/2025\/12\/IN-CP-reelection-FL-AGPM-22.12-200x200.png 200w, https:\/\/www.maizeurop.com\/wp-content\/uploads\/2025\/12\/IN-CP-reelection-FL-AGPM-22.12-1024x1024.png 1024w, https:\/\/www.maizeurop.com\/wp-content\/uploads\/2025\/12\/IN-CP-reelection-FL-AGPM-22.12-150x150.png 150w, https:\/\/www.maizeurop.com\/wp-content\/uploads\/2025\/12\/IN-CP-reelection-FL-AGPM-22.12-768x768.png 768w, https:\/\/www.maizeurop.com\/wp-content\/uploads\/2025\/12\/IN-CP-reelection-FL-AGPM-22.12-290x290.png 290w, https:\/\/www.maizeurop.com\/wp-content\/uploads\/2025\/12\/IN-CP-reelection-FL-AGPM-22.12-450x450.png 450w, https:\/\/www.maizeurop.com\/wp-content\/uploads\/2025\/12\/IN-CP-reelection-FL-AGPM-22.12-100x100.png 100w, https:\/\/www.maizeurop.com\/wp-content\/uploads\/2025\/12\/IN-CP-reelection-FL-AGPM-22.12-780x780.png 780w, https:\/\/www.maizeurop.com\/wp-content\/uploads\/2025\/12\/IN-CP-reelection-FL-AGPM-22.12-125x125.png 125w, https:\/\/www.maizeurop.com\/wp-content\/uploads\/2025\/12\/IN-CP-reelection-FL-AGPM-22.12.png 1200w\" sizes=\"(max-width: 200px) 100vw, 200px\" \/><\/a><\/p>\n"},"caption":{"rendered":""},"alt_text":"Franck Laborde r\u00e9\u00e9lu pr\u00e9sident de l'AGPM","media_type":"image","mime_type":"image\/png","media_details":{"width":1200,"height":1200,"file":"2025\/12\/IN-CP-reelection-FL-AGPM-22.12.png","filesize":1927893,"sizes":{"medium":{"file":"IN-CP-reelection-FL-AGPM-22.12-200x200.png","width":200,"height":200,"filesize":23504,"mime_type":"image\/png","source_url":"https:\/\/www.maizeurop.com\/wp-content\/uploads\/2025\/12\/IN-CP-reelection-FL-AGPM-22.12-200x200.png"},"large":{"file":"IN-CP-reelection-FL-AGPM-22.12-1024x1024.png","width":1024,"height":1024,"filesize":314006,"mime_type":"image\/png","source_url":"https:\/\/www.maizeurop.com\/wp-content\/uploads\/2025\/12\/IN-CP-reelection-FL-AGPM-22.12-1024x1024.png"},"thumbnail":{"file":"IN-CP-reelection-FL-AGPM-22.12-150x150.png","width":150,"height":150,"filesize":14954,"mime_type":"image\/png","source_url":"https:\/\/www.maizeurop.com\/wp-content\/uploads\/2025\/12\/IN-CP-reelection-FL-AGPM-22.12-150x150.png"},"medium_large":{"file":"IN-CP-reelection-FL-AGPM-22.12-768x768.png","width":768,"height":768,"filesize":196501,"mime_type":"image\/png","source_url":"https:\/\/www.maizeurop.com\/wp-content\/uploads\/2025\/12\/IN-CP-reelection-FL-AGPM-22.12-768x768.png"},"bones-thumb-600":{"file":"IN-CP-reelection-FL-AGPM-22.12-600x150.png","width":600,"height":150,"filesize":48360,"mime_type":"image\/png","source_url":"https:\/\/www.maizeurop.com\/wp-content\/uploads\/2025\/12\/IN-CP-reelection-FL-AGPM-22.12-600x150.png"},"bones-thumb-300":{"file":"IN-CP-reelection-FL-AGPM-22.12-300x100.png","width":300,"height":100,"filesize":20450,"mime_type":"image\/png","source_url":"https:\/\/www.maizeurop.com\/wp-content\/uploads\/2025\/12\/IN-CP-reelection-FL-AGPM-22.12-300x100.png"},"me-infographie":{"file":"IN-CP-reelection-FL-AGPM-22.12-290x290.png","width":290,"height":290,"filesize":42157,"mime_type":"image\/png","source_url":"https:\/\/www.maizeurop.com\/wp-content\/uploads\/2025\/12\/IN-CP-reelection-FL-AGPM-22.12-290x290.png"},"me-infographie-carre":{"file":"IN-CP-reelection-FL-AGPM-22.12-450x450.png","width":450,"height":450,"filesize":83630,"mime_type":"image\/png","source_url":"https:\/\/www.maizeurop.com\/wp-content\/uploads\/2025\/12\/IN-CP-reelection-FL-AGPM-22.12-450x450.png"},"me-slider":{"file":"IN-CP-reelection-FL-AGPM-22.12-1002x513.png","width":1002,"height":513,"filesize":183771,"mime_type":"image\/png","source_url":"https:\/\/www.maizeurop.com\/wp-content\/uploads\/2025\/12\/IN-CP-reelection-FL-AGPM-22.12-1002x513.png"},"me-accroche":{"file":"IN-CP-reelection-FL-AGPM-22.12-320x371.png","width":320,"height":371,"filesize":54234,"mime_type":"image\/png","source_url":"https:\/\/www.maizeurop.com\/wp-content\/uploads\/2025\/12\/IN-CP-reelection-FL-AGPM-22.12-320x371.png"},"me-video-main":{"file":"IN-CP-reelection-FL-AGPM-22.12-400x235.png","width":400,"height":235,"filesize":46503,"mime_type":"image\/png","source_url":"https:\/\/www.maizeurop.com\/wp-content\/uploads\/2025\/12\/IN-CP-reelection-FL-AGPM-22.12-400x235.png"},"me-video-second":{"file":"IN-CP-reelection-FL-AGPM-22.12-190x107.png","width":190,"height":107,"filesize":14352,"mime_type":"image\/png","source_url":"https:\/\/www.maizeurop.com\/wp-content\/uploads\/2025\/12\/IN-CP-reelection-FL-AGPM-22.12-190x107.png"},"me-vignette-paysage":{"file":"IN-CP-reelection-FL-AGPM-22.12-400x265.png","width":400,"height":265,"filesize":50175,"mime_type":"image\/png","source_url":"https:\/\/www.maizeurop.com\/wp-content\/uploads\/2025\/12\/IN-CP-reelection-FL-AGPM-22.12-400x265.png"},"me-publication":{"file":"IN-CP-reelection-FL-AGPM-22.12-364x228.png","width":364,"height":228,"filesize":42941,"mime_type":"image\/png","source_url":"https:\/\/www.maizeurop.com\/wp-content\/uploads\/2025\/12\/IN-CP-reelection-FL-AGPM-22.12-364x228.png"},"me-featured-site":{"file":"IN-CP-reelection-FL-AGPM-22.12-100x100.png","width":100,"height":100,"filesize":7965,"mime_type":"image\/png","source_url":"https:\/\/www.maizeurop.com\/wp-content\/uploads\/2025\/12\/IN-CP-reelection-FL-AGPM-22.12-100x100.png"},"me-galerie":{"file":"IN-CP-reelection-FL-AGPM-22.12-780x780.png","width":780,"height":780,"filesize":201651,"mime_type":"image\/png","source_url":"https:\/\/www.maizeurop.com\/wp-content\/uploads\/2025\/12\/IN-CP-reelection-FL-AGPM-22.12-780x780.png"},"post-thumbnail":{"file":"IN-CP-reelection-FL-AGPM-22.12-125x125.png","width":125,"height":125,"filesize":11312,"mime_type":"image\/png","source_url":"https:\/\/www.maizeurop.com\/wp-content\/uploads\/2025\/12\/IN-CP-reelection-FL-AGPM-22.12-125x125.png"},"full":{"file":"IN-CP-reelection-FL-AGPM-22.12.png","width":1200,"height":1200,"mime_type":"image\/png","source_url":"https:\/\/www.maizeurop.com\/wp-content\/uploads\/2025\/12\/IN-CP-reelection-FL-AGPM-22.12.png"}},"image_meta":{"aperture":"0","credit":"","camera":"","caption":"","created_timestamp":"0","copyright":"","focal_length":"0","iso":"0","shutter_speed":"0","title":"","orientation":"0","keywords":[]}},"post":null,"source_url":"https:\/\/www.maizeurop.com\/wp-content\/uploads\/2025\/12\/IN-CP-reelection-FL-AGPM-22.12.png","_links":{"self":[{"href":"https:\/\/www.maizeurop.com\/en\/wp-json\/wp\/v2\/media\/13077","targetHints":{"allow":["GET"]}}],"collection":[{"href":"https:\/\/www.maizeurop.com\/en\/wp-json\/wp\/v2\/media"}],"about":[{"href":"https:\/\/www.maizeurop.com\/en\/wp-json\/wp\/v2\/types\/attachment"}],"author":[{"embeddable":true,"href":"https:\/\/www.maizeurop.com\/en\/wp-json\/wp\/v2\/users\/3"}]}}

IN-CP-réélection FL AGPM 22.12

<p class="attachment"><a href='https://www.maizeurop.com/wp-content/uploads/2025/12/IN-CP-reelection-FL-AGPM-22.12.png'><img decoding="async" width="200" height="200" src="https://www.maizeurop.com/wp-content/uploads/2025/12/IN-CP-reelection-FL-AGPM-22.12-200x200.png" class="attachment-medium size-medium" alt="Franck Laborde réélu président de l&#039;AGPM" srcset="https://www.maizeurop.com/wp-content/uploads/2025/12/IN-CP-reelection-FL-AGPM-22.12-200x200.png 200w, https://www.maizeurop.com/wp-content/uploads/2025/12/IN-CP-reelection-FL-AGPM-22.12-1024x1024.png 1024w, https://www.maizeurop.com/wp-content/uploads/2025/12/IN-CP-reelection-FL-AGPM-22.12-150x150.png 150w, https://www.maizeurop.com/wp-content/uploads/2025/12/IN-CP-reelection-FL-AGPM-22.12-768x768.png 768w, https://www.maizeurop.com/wp-content/uploads/2025/12/IN-CP-reelection-FL-AGPM-22.12-290x290.png 290w, https://www.maizeurop.com/wp-content/uploads/2025/12/IN-CP-reelection-FL-AGPM-22.12-450x450.png 450w, https://www.maizeurop.com/wp-content/uploads/2025/12/IN-CP-reelection-FL-AGPM-22.12-100x100.png 100w, https://www.maizeurop.com/wp-content/uploads/2025/12/IN-CP-reelection-FL-AGPM-22.12-780x780.png 780w, https://www.maizeurop.com/wp-content/uploads/2025/12/IN-CP-reelection-FL-AGPM-22.12-125x125.png 125w, https://www.maizeurop.com/wp-content/uploads/2025/12/IN-CP-reelection-FL-AGPM-22.12.png 1200w" sizes="(max-width: 200px) 100vw, 200px" /></a></p>

Franck Laborde réélu président de l'AGPM
